t r(u) = -5*u**3 - 517*u + 4*u**3 + 3*u**2 + j*u. Determine r(5).
-15
Let s be ((-10)/(-105))/(8 - 2304/294). Let c(r) be the second derivative of -42*r - s*r**4 - 1/2*r**2 + 1/3*r**3 + 0. Determine c(1).
-6
Let o(y) = -3*y**2 - 10*y - 6. Let c(h) = -7*h**2 - 21*h - 13. Let b(t) = -2*c(t) + 5*o(t). Let j be ((-2)/18)/(4/216). Give b(j).
8
Let h(w) = 9*w + 13. Let p(a) = -a. Let i(f) = -h(f) - 5*p(f). Let c be i(-4). Let g(t) = -c + 2 + 2*t + 9 - 1. Calculate g(-6).
-5
Let n be (2 + 125)*(-6 + 6 + 1). Let k(x) = n*x - 379*x + 2 + 129*x + 125*x. What is k(-4)?
-6
Let q(l) = l**3 + 5*l**2 + 3*l + 2. Suppose 19*j - 35 = 14*j. Let a = j + -10. Determine q(a).
11
Let r be 21 - (11/(-5) - -3)/(79/(-395)). Let m(n) = -6*n + 164. What is m(r)?
14
Let s = -10815 - -10813. Let n(k) = -23*k**2 - 2*k - 1. Give n(s).
-89
Let c(b) = b**3 + 5*b**2 - 7*b - 4. Suppose k - 3*n - 5 = 0, 33 = -8*k + 11*k - 3*n. Suppose 9 = -2*p + 5, k = -2*s - p. Determine c(s).
2
Let u = -47076 - -47063. Let y(s) = s**3 + 13*s**2 + s - 6. Determine y(u).
-19
Let d = -208 + 204. Let m(a) = 14*a**2 + 29*a + 13. Let r(x) = 5*x**2 + 10*x + 4. Let b(z) = d*m(z) + 11*r(z). Determine b(-6).
-8
Let b(y) = 2*y**3 - 5*y**2 - 20*y - 13. Let l(f) = 3*f**3 - 12*f**2 - 40*f - 24. Let x(u) = -5*b(u) + 3*l(u). Calculate x(-8).
-39
Suppose -3*r - 28 = -2*v, 5*v + 27*r = 31*r + 70. Let i(y) = y**2 - 6*y - 9. What is i(v)?
103
Let t(f) = -f**3 - 3*f**2 + 20. Let h(k) = 3*k**3 - 5*k**2 + 15*k - 110. Let c(x) = h(x) + 4*t(x). Calculate c(-18).
24
Let a(x) = 0 + 21 + 4 + 95014*x - 95013*x. Determine a(-11).
14
Let f(t) = 15 + 531*t - 5 - 515*t. Give f(-4).
-54
Suppose 0*f + f = -6. Let j(p) = 4*p. Let l(s) be the third derivative of s**3/6 + 3*s**2. Let r(y) = -j(y) - 6*l(y). Calculate r(f).
18
Suppose -2*h + 146 = -4*b + 26, 3*b - 75 = -h. Suppose -4*c - 7*c = -h. Let k(s) = -s**2 + 4*s + 5. Calculate k(c).
-7
Suppose -6*i = 3*i. Let r(a) = 3*a**2 + i*a + 2*a - 40 + 41. What is r(-1)?
2
Suppose 3*j + 22 = -32. Let q be (12/j)/(6/45). Let m(i) = -5*i + 5. Let u(w) = -w + 1. Let v(g) = 2*m(g) - 11*u(g). Determine v(q).
-6
Suppose -g - 5*l + 11 = 0, -2*l + 0 = -g + 4. Suppose -4*u = h - 25 + g, 0 = -5*h + 4*u - 1. Let q(x) = x + h + 38 - 28. What is q(-7)?
6
Let c(s) = 2*s + 3. Let b = -28 + 56. Suppose 2*o - 2*y - 28 = 0, 2*o - y - b = -5*y. Let w be -5*o/(-35)*(-3)/2. Determine c(w).
-3
Suppose o = 6*o - 480. Suppose 491 = 11*l + 180 - 1845. Let b(g) = -l + g**3 + o + 101. Give b(-1).
0
Let c(b) be the first derivative of b**2/2 + 19*b + 1. Suppose -292*x - 310*x = 0. Give c(x).
19
Let t(r) be the first derivative of 4*r**2 + 2*r**2 - 50 - 4*r + r**2 - 6*r**2. Give t(9).
14
Let k(u) = -14*u**2 + 19*u - 5. Let f(t) = -19*t**2 + 18*t - 6. Let q(i) = 4*f(i) - 5*k(i). Determine q(-4).
-3
Let s be -7*(0*3/6 - 5). Suppose -12*d - 18*d + s*d = 0. Let f(w) be the first derivative of -w**4/4 - w**2/2 - 11*w + 1. Give f(d).
-11
Suppose -3*z + 48 = -3*o, 3*z = 8*z - o - 100. Suppose -z*u - 84 = -9*u. Let l(s) = -s**2 - 5*s + 14. Give l(u).
0
Let o(j) = 6*j**2 - 1. Let g be o(-1). Let n(x) = g*x - 3*x - 21 + 5 - 3*x. Let h be (-3 - 35/(-10))/((-6)/108). Calculate n(h).
-7
Suppose 0 = -33*m + 27*m + 24. Let v = m + -4. Suppose 8 = -f - v*f. Let p(j) = j**3 + 8*j**2 - 9. What is p(f)?
-9
Let q be 1550/74 - 4/(-74). Let a(u) = 3*u**3 - 63*u**2 - 2*u + 48. Determine a(q).
6
Let a(w) = 3 + 12*w - 6*w - w - 3*w. Suppose 6*c + 5*c = -44. What is a(c)?
-5
Suppose -2*a = -3*v + 26, 3*a = 5*v - 10*v + 37. Let z(l) be the third derivative of l**4/12 - 11*l**3/6 + 19*l**2. Determine z(v).
5
Let z(k) = -2*k - 4. Suppose 2 = 2*b + b - 4*p, -5*p - 37 = 2*b. Let s be -1 + (3 - 7/3)*b. Let m be z(s). Let t(x) = x**2 - 7*x - 3. Give t(m).
-9
Let r(q) be the second derivative of 1/30*q**5 + 0 + 13*q + 0*q**2 + 0*q**3 + 1/4*q**4 - 1/360*q**6. Let i(p) be the third derivative of r(p). Determine i(3).
-2
Let y = 407 + -393. Suppose -h - 156 = -y*h. Let s(d) = d**3 - 13*d**2 + 15*d - 26. Calculate s(h).
10
Let i(j) be the third derivative of -3*j**4/8 + j**3/3 + 2*j**2 + 8*j - 108. Let a(t) = t**3 - 3*t**2 - 3*t - 3. Let z be a(4). Calculate i(z).
-7
Let a(o) = 39*o + 190. Suppose 11 = -7*l + 6*l + 3*u, 3*u - 31 = 5*l. Determine a(l).
-5
Let q(s) = 3*s**2 - 3 - 2*s**2 + s - 298*s**3 + 148*s**3 + 2 + 149*s**3. Let t = 1 + -1. Suppose 0 = 3*u - t*u. Give q(u).
-1
Suppose 27 = 5*w - 2*i, -70*i + 69*i + 4 = w. Let t(f) = -f**2 - 2*f - 3*f + 2*f**2 + 6. Give t(w).
6
Suppose -2*m + 2*t = -160, 3*m - 2*t = 144 + 101. Let d = 84 - m. Let f(g) = 40*g. Give f(d).
-40
Let w(i) = 0 + 0 + 63350*i - 63349*i. Let j(p) = -6*p + 7. Let u(g) = 5*g - 8. Let m(d) = 6*j(d) + 7*u(d). Let o be m(-7). Calculate w(o).
-7
Let i(d) = -7*d**3 - 3*d**2 + 8*d - 4. Suppose 2*x + 4 = 14. Let q(a) = 2*a - 3*a**3 - 25 + 2*a - 2*a**2 - 26 + 49. Let z(s) = x*q(s) - 2*i(s). Calculate z(-5).
3
Let u be (-9)/(-2) - 2/4. Let w(z) = z + 7. Let x(j) = j + 7. Let s be 2*2/(-6)*(-2)/((-92)/207). Let a(k) = s*x(k) + u*w(k). Determine a(0).
7
Let w(k) = -2 - 1 + 3*k - 3 - 349*k**2 - k + 346*k**2 - k**3. Determine w(-3).
-12
Let g(x) = 2*x**3 + 19*x**2 - 7*x + 3. Suppose 2 = 11*u - 20. Let d(c) = c**3 + 9*c**2 - 4*c + 1. Let j(n) = u*g(n) - 5*d(n). What is j(-8)?
17
Let h(b) be the first derivative of 25*b**4/2 + b**3 + 5*b**2/2 + b + 807. Give h(-1).
-51
Let c(z) = -z + 8. Let m(v) = 8*v - 45. Let j be m(7). Let k(q) = -q**3 + 11*q**2 - 2*q + 28. Let t be k(j). Suppose t*i + 43 - 7 = 0. What is c(i)?
14
Let x = 411034 - 411027. Let f(v) be the first derivative of 1/3*v**3 - 8*v + 1 - 5/2*v**2. Give f(x).
6
Suppose -307*d - 20 = -311*d. Let k(h) = 4 + 8*h**3 - 57*h**2 + 62*h**2 - d*h**3 - 2*h**3 + 7*h. What is k(-5)?
-31
Let i(a) = -a**2 - 10*a + 6. Let x(j) = 2*j**2 + 11*j - 2. Let u(c) = -2*i(c) - 3*x(c). Calculate u(-4).
-18
Let h(l) = 19*l**2 - 99*l - 57. Let f(o) = 9*o**2 - 45*o - 28. Let d(w) = -13*f(w) + 6*h(w). Calculate d(-8).
-98
Let y(n) = 2*n + 137 - 178 + 44 - 3*n. What is y(1)?
2
Let n(f) = 0*f + 12 + 7*f - 7 - 16*f + 8*f. Determine n(16).
-11
Let a(g) = -104*g + 51. Let t be a(5). Let o = 470 + t. Let n(m) = 11*m + 1. Give n(o).
12
Let q(j) = -3*j**3 + 7*j**2 + 2*j - 26. Let i(t) = 4*t**3 - 7*t**2 - t + 22. Let f(d) = 2*i(d) + 3*q(d). Give f(8).
-66
Let t(q) = -6 + 2632*q - 2637*q - 19. What is t(3)?
-40
Let h(z) = -z - 5. Let r(y) = y + 3. Suppose 0 = -25*j + 31*j + 30. Let f(l) = j*h(l) - 4*r(l). Calculate f(-8).
5
Let x(d) be the second derivative of -d + 9/2*d**2 + 1/3*d**3 + 0. Let w be 115/(-20) + (-2289)/84 + 27. What is x(w)?
-3
Let t(h) = 35*h + 1366. Let f be t(-40). Let g(v) = -v**3 - 33*v**2 + 34*v - 7. Give g(f).
-7
Let g(w) = -w**2 + 24*w - 90. Let b = -1575 + 1580. Calculate g(b).
5
Suppose 2*u + 4*p = 30 + 46, 3*u + 3*p - 99 = 0. Suppose -n + 22 = 4*t, 17*t - u = 12*t - n. Let x(g) = -g**2 + 7*g - 4. What is x(t)?
2
Let r(a) = a**3 + 6*a**2 + 8*a + 6. Let w be 9/36 - (-250)/(-8). Let j = w + 30. Let u(t) = -4*t**2 + t. Let h be u(j). Calculate r(h).
-9
Suppose 5*v = -103 + 363. Suppose v + 4 = 4*o. Let g = o + -24. Let a(b) = -b**3 - 10*b**2 - b + 1. Calculate a(g).
11
Let o = 38372 + -38371. Let u(a) = -5 + 5 - 8*a. What is u(o)?
-8
Let t(q) = q**2 - 10*q + 18. Suppose 37*l - 465 + 243 = 0. Calculate t(l).
-6
Let n(m) be the first derivative of m**2 - 8*m + 2715. What is n(-17)?
-42
Let z(a) = -7*a**2 - 19*a + 13. Let d(l) = 6*l**2 + 17*l - 13. Let y = 295 - 301. Let j(q) = y*d(q) - 5*z(q). Calculate j(-9).
-5
Let o(f) = 2*f**2 - 3*f - 4. Let v be o(3). Let t(l) = -238 + 6*l + 394 + 0*l**2 - l**2 - 155 - 2*l. Determine t(v).
-4
Let z(p) = -5*p + 165. Let t(k) = -k + 23. Let y(s) = 7*t(s) - z(s). Let g = 0 - 0. Suppose -5*i - 4*x + 5 = 0, -2*i - 3*x + 9 = -g*x. Determine y(i).
2
Let j(h) = -3*h**2 - 2*h + 2. Let g(v) = 13*v**2 + 8*v - 4. Let i(t) = 2*g(t) + 9*j(t). Give i(-5).
-5
Let n(z) be the second derivative of 29*z**3/6 + 6*z**2 - 5519*z. Calculate n(3).
99
Let o = -47 + 49. Suppose 33 = o*l + 41. Let n(b) be the first derivative of -b**3/3 - 2*b**2 - 4*b - 2. Calculate n(l).
-4
Let l = 55 - 69. Let v(i) = -i**2 - 15*i - 11. Let n be v(l). Suppose -10*q - 13 + n = 0. Let m(o) = -6*o**3 - 2*o - 1. Determine m(q).
7
Let m = 708 + -425. Let r 